 composite number?
False
Is 55926889 prime?
False
Is 478756829 a prime number?
False
Is 24336351443 a prime number?
True
Is 22999397591 a composite number?
False
Is 20055384707 composite?
True
Is 2591215153 a prime number?
False
Is 45359471 composite?
False
Is 5228938691 a prime number?
True
Is 1906856513 a prime number?
False
Is 1010921911 prime?
True
Is 976142039 a prime number?
False
Is 226482059 a composite number?
False
Is 766776999 a composite number?
True
Is 1313705669 a composite number?
False
Is 7404651653 a composite number?
True
Is 2160663919 a composite number?
False
Is 98761234097 prime?
True
Is 16149060539 composite?
True
Is 1838594557 a composite number?
True
Is 59510319277 prime?
True
Is 345076289 a prime number?
False
Is 14738361901 a prime number?
True
Is 13129650151 a composite number?
True
Is 1817331431 a prime number?
True
Is 1586686229 a prime number?
True
Is 2375179501 a prime number?
True
Is 6425642287 a prime number?
False
Is 29228248051 prime?
False
Is 365300261 composite?
False
Is 1323875047 a prime number?
False
Is 10749825049 composite?
True
Is 6082428689 a prime number?
True
Is 59302923773 a prime number?
True
Is 3140384021 prime?
False
Is 305689567 a prime number?
False
Is 30431369041 a composite number?
False
Is 1328161 a composite number?
False
Is 386584871 a prime number?
True
Is 42514429 prime?
True
Is 2447513357 composite?
True
Is 2711922469 prime?
False
Is 64464219983 prime?
False
Is 1734614131 composite?
True
Is 4170396781 a composite number?
False
Is 290056373 composite?
False
Is 37712070151 a prime number?
False
Is 19623138361 composite?
False
Is 34959475181 composite?
True
Is 106193947757 prime?
True
Is 8112419129 a composite number?
False
Is 25975698917 a composite number?
True
Is 2688023147 composite?
False
Is 133697596903 composite?
True
Is 1411685311 a prime number?
True
Is 1053720807 a composite number?
True
Is 56944467647 a prime number?
False
Is 2283366619 a composite number?
True
Is 3572200682 composite?
True
Is 43966097233 prime?
False
Is 2072101729 a prime number?
False
Is 2117649037 composite?
True
Is 200360863 a composite number?
False
Is 596620949 a composite number?
False
Is 148922568055 a composite number?
True
Is 15590561617 a prime number?
False
Is 14350893 a composite number?
True
Is 31350040669 composite?
False
Is 523147619 a composite number?
False
Is 765358051 a prime number?
False
Is 7747360931 a composite number?
True
Is 6260883371 a prime number?
True
Is 11669611067 composite?
True
Is 39108945839 prime?
True
Is 175855095267 a prime number?
False
Is 4512051827 a prime number?
True
Is 230802233 a prime number?
True
Is 1849348447 a prime number?
True
Is 1831788293 a prime number?
False
Is 2003759197 a composite number?
True
Is 3530675411 a prime number?
False
Is 36612529061 a prime number?
True
Is 3781334981 a composite number?
False
Is 2640386759 prime?
True
Is 247045859 a composite number?
False
Is 883083269 a prime number?
True
Is 5447228669 a composite number?
True
Is 1577111687 a prime number?
True
Is 31276049921 a composite number?
False
Is 26429776433 a prime number?
False
Is 33435374917 prime?
False
Is 4026587143 a prime number?
False
Is 1993308601 a composite number?
True
Is 5212482161 a prime number?
True
Is 310515031 a prime number?
False
Is 26572460323 a prime number?
True
Is 665663731 a prime number?
True
Is 262053079 a composite number?
True
Is 193810879 prime?
False
Is 5933606053 a prime number?
False
Is 8217445667 prime?
True
Is 24744015431 prime?
True
Is 9222372163 composite?
False
Is 5989054817 a composite number?
True
Is 12277877 composite?
False
Is 188601493 a prime number?
False
Is 38706947 a composite number?
False
Is 229944979 a composite number?
True
Is 334450513 prime?
True
Is 551209639 a composite number?
False
Is 24994177687 composite?
False
Is 8200844801 a composite number?
False
Is 3442096787 a composite number?
True
Is 2102256201 a composite number?
True
Is 98697289 a composite number?
True
Is 3789997261 a composite number?
False
Is 3289405641 a composite number?
True
Is 17677534253 prime?
True
Is 1437574189 prime?
True
Is 9973862227 a prime number?
False
Is 582966073 a composite number?
True
Is 6312833399 a composite number?
False
Is 985445191 a prime number?
True
Is 2547610691 a prime number?
False
Is 3081663439 composite?
True
Is 389069161 composite?
True
Is 113885436233 prime?
True
Is 320893549 a prime number?
True
Is 59680891 a prime number?
True
Is 300818857 a composite number?
True
Is 1639773671 a prime number?
True
Is 4193659177 composite?
True
Is 30133907 prime?
False
Is 22957296235 a composite number?
True
Is 812556187 prime?
True
Is 3227748637 a prime number?
True
Is 159656206539 a prime number?
False
Is 143757792443 a composite number?
False
Is 753653291 a composite number?
False
Is 7851731233 a composite number?
False
Is 4381788511 a prime number?
False
Is 552077447 prime?
True
Is 1482833723 a prime number?
False
Is 20094581769 prime?
False
Is 33328759723 a prime number?
False
Is 26784953123 composite?
True
Is 677767949 a composite number?
False
Is 1329157813 composite?
True
Is 481522619 composite?
False
Is 3716897869 a composite number?
True
Is 90115968461 prime?
True
Is 4510720085 a prime number?
False
Is 91330640747 a prime number?
False
Is 6386748607 a prime number?
True
Is 2948694781 prime?
False
Is 266521207 a prime number?
False
Is 257573306 a composite number?
True
Is 122490671 composite?
False
Is 2356348343 composite?
True
Is 295417807 composite?
True
Is 1824322781 prime?
True
Is 98108699 prime?
False
Is 34737076117 a composite number?
False
Is 194361065279 a prime number?
True
Is 22058553503 prime?
False
Is 4054093691 prime?
True
Is 607221922 a prime number?
False
Is 68044453901 a prime number?
True
Is 1144736563 a prime number?
True
Is 890453773 prime?
False
Is 202271612303 prime?
True
Is 76190029 a composite number?
True
Is 15419387063 prime?
True
Is 72751824907 composite?
False
Is 2861099578 composite?
True
Is 7871198287 a prime number?
False
Is 5084161 a composite number?
True
Is 18778097093 a prime number?
False
Is 4891325093 a composite number?
False
Is 10654793461 a prime number?
False
Is 10555607669 composite?
True
Is 28911553417 a composite number?
False
Is 390475810483 prime?
False
Is 362370809 composite?
False
Is 6075211333 composite?
True
Is 510390593 a prime number?
True
Is 1065211634 a composite number?
True
Is 58042116157 composite?
True
Is 738939065 composite?
True
Is 1911324269 composite?
False
Is 116666081621 composite?
False
Is 15594443533 a prime number?
True
Is 4434167363 composite?
False
Is 3653116235 composite?
True
Is 313481183 a prime number?
True
Is 10564390679 prime?
False
Is 354982156133 prime?
False
Is 275501209 composite?
False
Is 1980716653 composite?
True
Is 639419527 composite?
True
Is 147405705877 a composite number?
False
Is 23982962219 composite?
False
Is 144025345 a prime number?
False
Is 2001031951 composite?
True
Is 49444203509 a composite number?
True
Is 3614192069 a composite number?
False
Is 2274021623 a prime number?
False
Is 4148471 prime?
False
Is 1988362951 a prime number?
True
Is 7252491479 composite?
False
Is 9041556071 a prime number?
True
Is 3154989119 composite?
False
Is 13873589155 composite?
True
Is 380124037 a composite number?
False
Is 8428679929 a composite number?
True
Is 52199211986 composite?
True
Is 5547405757 a prime number?
False
Is 1192859743 a prime number?
False
Is 1644543587 a prime number?
False
Is 77036056247 a prime number?
True
Is 1206063763 a composite number?
False
Is 44983714367 prime?
True
Is 174227311 a composite number?
True
Is 9453444067 composite?
True
Is 32404248251 a composite number?
False
Is 4947520481 a prime number?
True
Is 23703563329 a prime number?
True
Is 48088385729 a composite number?
False
Is 9254106599 a composite number?
True
Is 773810033 prime?
True
Is 34145199334 composite?
True
Is 45205067 a prime number?
True
Is 10040827649 a composite number?
True
Is 2662811377 a prime number?
False
Is 929677339 prime?
True
Is 656233 a composite number?
True
Is 2009254649 composite?
False
Is 766761211 prime?
True
Is 225595653793 a prime number?
True
Is 326912357 a composite number?
False
Is 15772279597 a composite number?
True
Is 730139693 a prim